{"id":3530,"date":"2021-06-10T09:43:31","date_gmt":"2021-06-10T07:43:31","guid":{"rendered":"https:\/\/ollesskomakeri.se\/?page_id=3530"},"modified":"2021-07-01T13:23:42","modified_gmt":"2021-07-01T11:23:42","slug":"saphir-skovard","status":"publish","type":"page","link":"https:\/\/ollesskomakeri.se\/index.php\/3422-2\/saphir-skovard\/","title":{"rendered":"Saphir, skov\u00e5rd"},"content":{"rendered":"<div id='av_section_1'  class='avia-section main_color avia-section-small avia-no-shadow  avia-bg-style-scroll  avia-builder-el-0  el_before_av_section  avia-builder-el-first   container_wrap sidebar_right' style=' '  ><div class='container' ><main  role=\"main\" itemprop=\"mainContentOfPage\"  class='template-page content  av-content-small alpha units'><div class='post-entry post-entry-type-page post-entry-3530'><div class='entry-content-wrapper clearfix'>\n<div class=\"flex_column av_two_fifth  flex_column_div av-zero-column-padding first  avia-builder-el-1  el_before_av_two_fifth  avia-builder-el-first  \" style='border-radius:0px; '><p><div  style='padding-bottom:10px; ' class='av-special-heading av-special-heading-h1  blockquote modern-quote  avia-builder-el-2  el_before_av_textblock  avia-builder-el-first  '><h1 class='av-special-heading-tag '  itemprop=\"headline\"  >Saphir <\/h1><div class='special-heading-border'><div class='special-heading-inner-border' ><\/div><\/div><\/div><br \/>\n<section class=\"av_textblock_section \"  itemscope=\"itemscope\" itemtype=\"https:\/\/schema.org\/CreativeWork\" ><div class='avia_textblock  '   itemprop=\"text\" ><p>Saphir M\u00e9daille d\u2019Or<\/p>\n<p>Saphir, som tilldelades M\u00e9daille d&#8217;Or (guldmedalj) i Paris 1925 f\u00f6r kvaliteten p\u00e5 sina l\u00e4derv\u00e5rdsprodukter, erbjuder ett komplett och o\u00f6vertr\u00e4ffat sortiment. Och vi har s\u00e5klart valt ut v\u00e5ra favoriter till hyllorna.<\/p>\n<p><a class=\"nonblock\" href=\"https:\/\/saphir.com\">Kika g\u00e4rna p\u00e5 Saphirs fina hemsida h\u00e4r<\/a><\/p>\n<p>Kom in i butiken och kolla upp hur mycket du kan g\u00f6ra f\u00f6r dina skor!<\/p>\n<\/div><\/section><\/p><\/div><div class=\"flex_column av_two_fifth  flex_column_div av-zero-column-padding   avia-builder-el-4  el_after_av_two_fifth  avia-builder-el-last  \" style='border-radius:0px; '><div  class='avia-image-container  av-styling-    avia-builder-el-5  avia-builder-el-no-sibling  avia-align-center '  itemprop=\"image\" itemscope=\"itemscope\" itemtype=\"https:\/\/schema.org\/ImageObject\"  ><div class='avia-image-container-inner'><div class='avia-image-overlay-wrap'><img decoding=\"async\" class='wp-image-3621 avia-img-lazy-loading-not-3621 avia_image' src=\"https:\/\/ollesskomakeri.se\/wp-content\/uploads\/2021\/07\/Saphir-Medaille-Dor-Logo.png\" alt='' title='Saphir-Medaille-Dor-Logo' height=\"132\" width=\"171\"  itemprop=\"thumbnailUrl\"  \/><\/div><\/div><\/div><\/div><\/div><\/div><\/main><!-- close content main element --><\/div><\/div><div id='av_section_2'  class='avia-section main_color avia-section-small avia-no-shadow  avia-full-stretch avia-bg-style-scroll  avia-builder-el-6  el_after_av_section  avia-builder-el-last   container_wrap sidebar_right' style='background-repeat: no-repeat; background-image: url(https:\/\/ollesskomakeri.se\/wp-content\/uploads\/2021\/07\/saphir.-13.03.09.png);background-attachment: scroll; background-position: center center;  '  data-section-bg-repeat='stretch'><div class='container' ><div class='template-page content  av-content-small alpha units'><div class='post-entry post-entry-type-page post-entry-3530'><div class='entry-content-wrapper clearfix'>\n<div class=\"flex_column av_three_fourth  flex_column_div av-zero-column-padding first  avia-builder-el-7  el_before_av_hr  avia-builder-el-first  \" style='border-radius:0px; '><div  class='avia-gallery  avia-gallery-1 avia_lazyload avia-gallery-animate avia_animate_when_visible  avia-builder-el-8  avia-builder-el-no-sibling '  itemprop=\"image\" itemscope=\"itemscope\" itemtype=\"https:\/\/schema.org\/ImageObject\" ><a class='avia-gallery-big fakeLightbox lightbox avia-gallery-big-crop-thumb ' href=\"https:\/\/ollesskomakeri.se\/wp-content\/uploads\/2021\/06\/skomakeri-i-Lund-773x1030.jpg\" href=\"773\" href=\"1030\" href=\"1\" href=\"https:\/\/ollesskomakeri.se\/wp-content\/uploads\/2021\/06\/skomakeri-i-Lund-773x1030.jpg 773w, https:\/\/ollesskomakeri.se\/wp-content\/uploads\/2021\/06\/skomakeri-i-Lund-225x300.jpg 225w, https:\/\/ollesskomakeri.se\/wp-content\/uploads\/2021\/06\/skomakeri-i-Lund-768x1024.jpg 768w, https:\/\/ollesskomakeri.se\/wp-content\/uploads\/2021\/06\/skomakeri-i-Lund-1152x1536.jpg 1152w, https:\/\/ollesskomakeri.se\/wp-content\/uploads\/2021\/06\/skomakeri-i-Lund-1536x2048.jpg 1536w, https:\/\/ollesskomakeri.se\/wp-content\/uploads\/2021\/06\/skomakeri-i-Lund-1125x1500.jpg 1125w, https:\/\/ollesskomakeri.se\/wp-content\/uploads\/2021\/06\/skomakeri-i-Lund-529x705.jpg 529w, https:\/\/ollesskomakeri.se\/wp-content\/uploads\/2021\/06\/skomakeri-i-Lund-scaled.jpg 1920w\" href=\"(max-width: 773px) 100vw, 773px\"  data-onclick='1' title='skomakeri i Lund' ><span class='avia-gallery-big-inner'  itemprop=\"thumbnailUrl\" ><img decoding=\"async\" class=\"wp-image-3409 avia-img-lazy-loading-not-3409\"  width=\"845\" height=\"684\" src=\"https:\/\/ollesskomakeri.se\/wp-content\/uploads\/2021\/06\/skomakeri-i-Lund-845x684.jpg\" title='skomakeri i Lund' alt='' srcset=\"https:\/\/ollesskomakeri.se\/wp-content\/uploads\/2021\/06\/skomakeri-i-Lund-845x684.jpg 845w, https:\/\/ollesskomakeri.se\/wp-content\/uploads\/2021\/06\/skomakeri-i-Lund-495x400.jpg 495w\" sizes=\"(max-width: 845px) 100vw, 845px\" \/><\/span><\/a><div class='avia-gallery-thumb'> <a href=\"https:\/\/ollesskomakeri.se\/wp-content\/uploads\/2021\/06\/skomakeri-i-Lund-773x1030.jpg\" href=\"773\" href=\"1030\" href=\"1\" href=\"https:\/\/ollesskomakeri.se\/wp-content\/uploads\/2021\/06\/skomakeri-i-Lund-773x1030.jpg 773w, https:\/\/ollesskomakeri.se\/wp-content\/uploads\/2021\/06\/skomakeri-i-Lund-225x300.jpg 225w, https:\/\/ollesskomakeri.se\/wp-content\/uploads\/2021\/06\/skomakeri-i-Lund-768x1024.jpg 768w, https:\/\/ollesskomakeri.se\/wp-content\/uploads\/2021\/06\/skomakeri-i-Lund-1152x1536.jpg 1152w, https:\/\/ollesskomakeri.se\/wp-content\/uploads\/2021\/06\/skomakeri-i-Lund-1536x2048.jpg 1536w, https:\/\/ollesskomakeri.se\/wp-content\/uploads\/2021\/06\/skomakeri-i-Lund-1125x1500.jpg 1125w, https:\/\/ollesskomakeri.se\/wp-content\/uploads\/2021\/06\/skomakeri-i-Lund-529x705.jpg 529w, https:\/\/ollesskomakeri.se\/wp-content\/uploads\/2021\/06\/skomakeri-i-Lund-scaled.jpg 1920w\" href=\"(max-width: 773px) 100vw, 773px\" data-rel='gallery-1' data-prev-img='https:\/\/ollesskomakeri.se\/wp-content\/uploads\/2021\/06\/skomakeri-i-Lund-845x684.jpg' class='first_thumb lightbox ' data-onclick='1' title='skomakeri i Lund'  itemprop=\"thumbnailUrl\"  ><img decoding=\"async\" class=\"wp-image-3409 avia-img-lazy-loading-not-3409\"   src=\"https:\/\/ollesskomakeri.se\/wp-content\/uploads\/2021\/06\/skomakeri-i-Lund-495x400.jpg\" width=\"495\" height=\"400\"  title='skomakeri i Lund' alt='' srcset=\"https:\/\/ollesskomakeri.se\/wp-content\/uploads\/2021\/06\/skomakeri-i-Lund-495x400.jpg 495w, https:\/\/ollesskomakeri.se\/wp-content\/uploads\/2021\/06\/skomakeri-i-Lund-845x684.jpg 845w\" sizes=\"(max-width: 495px) 100vw, 495px\" \/><\/a> <a href=\"https:\/\/ollesskomakeri.se\/wp-content\/uploads\/2021\/06\/IMG_2465-773x1030.jpg\" href=\"773\" href=\"1030\" href=\"1\" href=\"https:\/\/ollesskomakeri.se\/wp-content\/uploads\/2021\/06\/IMG_2465-773x1030.jpg 773w, https:\/\/ollesskomakeri.se\/wp-content\/uploads\/2021\/06\/IMG_2465-225x300.jpg 225w, https:\/\/ollesskomakeri.se\/wp-content\/uploads\/2021\/06\/IMG_2465-768x1024.jpg 768w, https:\/\/ollesskomakeri.se\/wp-content\/uploads\/2021\/06\/IMG_2465-1152x1536.jpg 1152w, https:\/\/ollesskomakeri.se\/wp-content\/uploads\/2021\/06\/IMG_2465-1536x2048.jpg 1536w, https:\/\/ollesskomakeri.se\/wp-content\/uploads\/2021\/06\/IMG_2465-1125x1500.jpg 1125w, https:\/\/ollesskomakeri.se\/wp-content\/uploads\/2021\/06\/IMG_2465-529x705.jpg 529w, https:\/\/ollesskomakeri.se\/wp-content\/uploads\/2021\/06\/IMG_2465-scaled.jpg 1920w\" href=\"(max-width: 773px) 100vw, 773px\" data-rel='gallery-1' data-prev-img='https:\/\/ollesskomakeri.se\/wp-content\/uploads\/2021\/06\/IMG_2465-845x684.jpg' class='lightbox ' data-onclick='2' title='IMG_2465'  itemprop=\"thumbnailUrl\"  ><img decoding=\"async\" class=\"wp-image-3396 avia-img-lazy-loading-not-3396\"   src=\"https:\/\/ollesskomakeri.se\/wp-content\/uploads\/2021\/06\/IMG_2465-495x400.jpg\" width=\"495\" height=\"400\"  title='IMG_2465' alt='' srcset=\"https:\/\/ollesskomakeri.se\/wp-content\/uploads\/2021\/06\/IMG_2465-495x400.jpg 495w, https:\/\/ollesskomakeri.se\/wp-content\/uploads\/2021\/06\/IMG_2465-845x684.jpg 845w\" sizes=\"(max-width: 495px) 100vw, 495px\" \/><\/a> <a href=\"https:\/\/ollesskomakeri.se\/wp-content\/uploads\/2021\/07\/PC190023-1030x515.jpg\" href=\"1030\" href=\"515\" href=\"1\" href=\"\" href=\"\" data-rel='gallery-1' data-prev-img='https:\/\/ollesskomakeri.se\/wp-content\/uploads\/2021\/07\/PC190023-845x684.jpg' class='lightbox ' data-onclick='3' title='PC190023'  itemprop=\"thumbnailUrl\"  ><img decoding=\"async\" class=\"wp-image-3628 avia-img-lazy-loading-not-3628\"   src=\"https:\/\/ollesskomakeri.se\/wp-content\/uploads\/2021\/07\/PC190023-495x400.jpg\" width=\"495\" height=\"400\"  title='PC190023' alt='' \/><\/a><\/div><\/div><\/div><div  style='height:250px' class='hr hr-invisible   avia-builder-el-9  el_after_av_three_fourth  el_before_av_hr '><span class='hr-inner ' ><span class='hr-inner-style'><\/span><\/span><\/div>\n<div  style='height:250px' class='hr hr-invisible   avia-builder-el-10  el_after_av_hr  avia-builder-el-last '><span class='hr-inner ' ><span class='hr-inner-style'><\/span><\/span><\/div>\n<\/div><\/div><\/div><!-- close content main div --><\/div><\/div><div id='after_section_2'  class='main_color av_default_container_wrap container_wrap sidebar_right' style=' '  ><div class='container' ><div class='template-page content  av-content-small alpha units'><div class='post-entry post-entry-type-page post-entry-3530'><div class='entry-content-wrapper clearfix'><\/p>\n","protected":false},"excerpt":{"rendered":"","protected":false},"author":2,"featured_media":0,"parent":3422,"menu_order":0,"comment_status":"closed","ping_status":"closed","template":"","meta":{"footnotes":""},"class_list":["post-3530","page","type-page","status-publish","hentry"],"_links":{"self":[{"href":"https:\/\/ollesskomakeri.se\/index.php\/wp-json\/wp\/v2\/pages\/3530","targetHints":{"allow":["GET"]}}],"collection":[{"href":"https:\/\/ollesskomakeri.se\/index.php\/wp-json\/wp\/v2\/pages"}],"about":[{"href":"https:\/\/ollesskomakeri.se\/index.php\/wp-json\/wp\/v2\/types\/page"}],"author":[{"embeddable":true,"href":"https:\/\/ollesskomakeri.se\/index.php\/wp-json\/wp\/v2\/users\/2"}],"replies":[{"embeddable":true,"href":"https:\/\/ollesskomakeri.se\/index.php\/wp-json\/wp\/v2\/comments?post=3530"}],"version-history":[{"count":8,"href":"https:\/\/ollesskomakeri.se\/index.php\/wp-json\/wp\/v2\/pages\/3530\/revisions"}],"predecessor-version":[{"id":3631,"href":"https:\/\/ollesskomakeri.se\/index.php\/wp-json\/wp\/v2\/pages\/3530\/revisions\/3631"}],"up":[{"embeddable":true,"href":"https:\/\/ollesskomakeri.se\/index.php\/wp-json\/wp\/v2\/pages\/3422"}],"wp:attachment":[{"href":"https:\/\/ollesskomakeri.se\/index.php\/wp-json\/wp\/v2\/media?parent=3530"}],"curies":[{"name":"wp","href":"https:\/\/api.w.org\/{rel}","templated":true}]}}